 27. Let h be w(11). Suppose -6*o + h = -12*o. What is the tens digit of (o - -13) + ((-192)/2)/(-1)?
9
Let c(g) = 33*g - 60. Let b be c(2). Let f(i) = 13*i - 21 + 2 + 13*i. What is the hundreds digit of f(b)?
1
Suppose -19*x - 66 + 9 = 0. What is the units digit of (x - -1)*(-1815)/22?
5
Suppose -14*y + 17*y - 3*j - 22962 = 0, -2*j - 6 = 0. What is the tens digit of y?
5
Let f(t) = -218*t + 566. What is the hundreds digit of f(-17)?
2
Suppose 5*t - q - 2 = -4*q, t = -3*q + 10. What is the tens digit of (-656)/t - (-4 + 0)?
3
Let d(j) = 63 + 42 - j - 12. Suppose -62*n + 8 = 8. What is the tens digit of d(n)?
9
Let o be (35/20)/((-4)/(-32)). Let z be 41/((o/(-6))/(-7)). What is the tens digit of z/(-6)*(4 - 8)?
8
Let w(i) = -15*i**3 - 4*i**2 + 7*i + 3. Let u(v) = -5*v**3 - v**2 + 2*v + 1. Let t(r) = -14*u(r) + 4*w(r). Let m = 634 + -632. What is the tens digit of t(m)?
7
Let q(u) be the second derivative of u**4/6 - 5*u**3/2 + 3*u**2 - 6*u. Suppose -32*x + 143 = -177. What is the units digit of q(x)?
6
Let k = 130 + -32. Let r be k/(((-2)/(-1))/1). Suppose 3*u - 161 = r. What is the tens digit of u?
7
What is the hundreds digit of ((-18747)/12 - 0 - 2)/((-6)/144)?
5
Let r(q) be the first derivative of q**3/3 - 13*q**2 - 67*q - 98. What is the tens digit of r(30)?
5
Let x be 0 - -4 - 111998/(-29). What is the units digit of 54/72 - x/(-8)?
4
Suppose -5*i + 9*r = 4*r + 35, 0 = 4*r - 12. Let n be 2/4*(16/i - -8). What is the tens digit of (-7 - n)/(5/(-75))?
3
Suppose -z = 3*k - 2014, 6*k = -132 + 108. What is the tens digit of z?
2
Let z be 2*2*((-662)/(-4) + -5). Suppose 0 = -u - 185 + z. What is the units digit of u?
7
Suppose 0 = -54*u - 10*u + 1463808. What is the units digit of u?
2
Let q be (544 - (0 + 2 - -2))/1. Suppose 2*d - q = -5*c - 134, -3*d + 559 = -5*c. What is the units digit of d?
3
Let z(d) = 2*d - 5. Let b be z(4). Suppose -c + 65 + 79 = 5*l, 0 = -3*c - l + 362. Suppose -2*q + q = -5*f - c, -b*q + 257 = 5*f. What is the tens digit of q?
9
Suppose 4*o = -20, -4*o = 2*x - 7*o + 22537. What is the units digit of x/(-30) - (-12)/90?
6
Suppose -3*k + 8846 = -5*d, -13*k = -17*k + d + 11772. What is the units digit of k?
2
Suppose 20968 = 101*f - 201381 - 17021. What is the tens digit of f?
7
Suppose 2*x = 3*x - 40. Let m = -30 + x. Suppose m*c - 8*c = 330. What is the tens digit of c?
6
Let u(n) = -n**2 + 3*n + 10. Let i(r) = -r**2 + 1. Let q(k) = -4*i(k) + u(k). Let b be q(-4). What is the units digit of b/(5/10*2)?
2
Let c(x) = 19*x. Let j be c(3). Let q = j + -28. Let h = 98 - q. What is the tens digit of h?
6
Let i(h) = h**3 - 89*h**2 + 5*h + 284. What is the units digit of i(94)?
4
Let i be (-3 + (-56)/40)/((-1)/(-10)). Let x = i + 48. Suppose -x*g - 440 = -6*g. What is the units digit of g?
0
Let l be (6/(-2))/((15/(-25))/1). Suppose l*k = 16*k - 14234. What is the tens digit of k?
9
Suppose 35*l - 44*l - 418080 = -29*l. What is the hundreds digit of l?
9
Let v(h) = -14 - h**2 - 4*h + 6 + 13 + 1. Let b be v(-7). Let p = b + 54. What is the tens digit of p?
3
Let z(p) = 62*p**3 - 12*p**2 - 117*p + 1181. What is the hundreds digit of z(11)?
9
Let h(i) = i**2 + 15*i - 13. Let u be h(-18). Let j = -30 + u. Suppose j + 6 = f + 4*t, 5*f = 5*t + 135. What is the units digit of f?
5
Let m = -13052 - -34039. What is the hundreds digit of m?
9
What is the thousands digit of 57/(-456) - 2094438/(-48)?
3
Suppose -3*r + 318 = w - 341, -3*r + 3*w = -675. Let b = r - 79. What is the tens digit of b?
4
Suppose 0 = -n + 1, 2*n + 18719 + 19431 = 4*y. What is the tens digit of y?
3
Let a(u) = -7*u**2 + u**3 + 150*u - 14 - 146*u - 21 + 7. Let z be a(7). Suppose 4*x - 2*x + 4 = 0, 3*b - 5*x - 349 = z. What is the tens digit of b?
1
Let l(q) = -20*q**3 - 9*q**2 - 57*q + 1. What is the units digit of l(-7)?
9
Let j(h) = h**3 + 27*h**2 - 29*h + 1. Let v(x) = -x**2 + 1. Let n(r) = -j(r) + v(r). Let w be n(-29). Suppose w = -2*s + 304. What is the hundreds digit of s?
1
Let q(t) = 3*t**3 - 9*t**2 + 3. Let z be q(3). Let p(u) = 38*u**2 + 7*u - 17. What is the units digit of p(z)?
6
What is the thousands digit of 6/(-2) + (-14)/(-7) - (-222 - 37653)?
7
Let l = -33 + 44. Suppose -9*n + 8*n = -l. Let i = 15 + n. What is the units digit of i?
6
Let z be (-8)/(-14) - (-80)/(-140). Suppose i - 5*m - 435 = z, -2*i - 5*m - 158 = -1043. What is the tens digit of i?
4
Suppose 4*i = 4*a - 49759 + 11071, 3*i + 38694 = 4*a. What is the thousands digit of a?
9
Let t = 246 - 117. Suppose 7*s - 138 = -5*q + 3*s, 4*q - 3*s = t. Suppose -4*a = -q - 34. What is the units digit of a?
6
Suppose -300 = 13*q - 14*q. Suppose 11*o - q = o. Suppose n + 135 = 3*t + o, 4*n = 3*t - 114. What is the units digit of t?
4
Let x(c) = -679*c + 46. What is the tens digit of x(-11)?
1
Suppose -4*h - 1977 = -2057. Suppose 4*c + 4*k - h = 0, 12 - 10 = k. What is the units digit of c?
3
Suppose -6*w + w = 3*w. Suppose -3*t + 0*h - 2*h = -208, w = -5*t - h + 349. Suppose -g = -t - 98. What is the hundreds digit of g?
1
What is the thousands digit of 80984/((-9)/72*-8)?
0
Suppose -7*w = -466 - 584. Let n = 512 + w. What is the hundreds digit of n?
6
Suppose 3638 = -4*i + 1074. Let w = 395 - i. What is the units digit of w?
6
Let n = 12509 - 1161. What is the ten thousands digit of n?
1
Let k = 1047 - 1597. What is the units digit of (12/10)/(1640/k - -3)?
6
Suppose 104*y = -256*y + 80*y + 4909240. What is the ten thousands digit of y?
1
Let b = 10847 + -5744. What is the tens digit of b?
0
Suppose -11*n + 1547 = 2*d - 12*n, -5*d + 3868 = -2*n. Suppose -2*j + 501 = -3*o, -3*o + d = 3*j - 0*j. What is the tens digit of j?
5
Let p(q) = -2*q**2 + 10*q - 4. Let w be p(4). Suppose -w*h - 561 = -7*h. What is the tens digit of h?
8
Suppose 5*d - 235 = 215. Let o = d + -84. Suppose 7*t - 2977 = -o*t. What is the hundreds digit of t?
2
Let a(z) = 46*z - 14. Let t(q) = 10*q**3 - q**2 - q. Let v be t(-1). Let m be a(v). What is the units digit of m/(-9) + (-6)/9?
2
Let l(n) = 4*n**2 + 85*n - 1699. What is the hundreds digit of l(53)?
0
Suppose -10*n + 4*n = 0. Suppose 3*v + 9 = 0, n = j + v + 110 - 1005. What is the units digit of j?
8
Suppose -2*u + 5788 = -4*a + 5*a, 5*a = -7*u + 28940. What is the units digit of a?
8
Suppose 18713 = 3*b + 4*n, -10*n + 11*n + 24938 = 4*b. What is the thousands digit of b?
6
Let n = 7851 + -3791. What is the units digit of n?
0
Let i(u) = -u**3 + 2*u**2 - 3*u + 5. Let p be i(2). Let m be (-3 + (4 - 11))/p. What is the tens digit of ((-980)/(-50))/(4/m)?
4
Suppose -4*a - a - j - 127 = 0, -a - 5*j - 35 = 0. Let g be (-14 - 2 - -4)*a. Let n = g + -199. What is the units digit of n?
1
Let q(m) = 2*m**3 - 69*m**2 - 73*m + 94. What is the thousands digit of q(37)?
4
Suppose -n + 5*n = 5*u + 1139, -5*u = 4*n - 1149. Let r = n + 196. What is the hundreds digit of r?
4
Let i(p) = 719*p - 24. Let u be i(8). What is the hundreds digit of 2*(u/14 + 6/(-42))?
8
Suppose 257 = 9*q - 9805. Suppose q = 4*v - 714. What is the units digit of v?
8
Suppose -2*c + 5*h - 3426 = -18417, -8*c - h = -59859. What is the hundreds digit of c?
4
Suppose 380 + 184 = 12*l. Let d(h) = 6*h - 3. Let c be d(0). What is the hundreds digit of -2 - l*c*1?
1
Let o(t) = -t**3 - 2*t**2 + 6*t - 4. Let y be o(-4). Suppose 5*s + 4 = 4*a - 0, 0 = -2*a + y*s - 4. What is the units digit of (298/a)/(-3*7/(-63))?
9
Let l(g) = 126*g**2 + 160*g - 25. What is the units digit of l(-10)?
5
Let t = -2349 + 46. Let i = t + 3454. What is the hundreds digit of i?
1
Suppose 12*k = 9*k + 12. Suppose -3*i - 483 - 145 = -k*n, 5*n - 3*i - 788 = 0. What is the units digit of n?
0
Suppose 14 = -3*d + 5, 5*h - 69 = -2*d. Let u = -45 - h. What is the tens digit of 2 + (-1374)/(-8) - (-45)/u?
7
Suppose 31*o - 20966 - 56100 = 0. Suppose o = 5*j - k, 0*k - 2481 = -5*j - 4*k. What is the hundreds digit of j?
4
Let h = 7947 + -6954. What is the units digit of h?
3
Let u be 3/(-5) + (-1440)/(-25). Suppose j - 16 - u = -g, j + 277 = 4*g. What is the units digit of g?
0
Suppose 0 = 16*n - 9*n. Suppose n = 2*w + 5*x - 1067, 3*w + 3*x + 580 = 2185. What is the units digit of w?
6
Let x be (-267)/33 - 1/(-11). Let r(m) = -m**3 + 3*m**2 + 2*m + 62. What is the hundreds digit of r(x)?
7
Suppose 5*o - 151*w - 42805 = -154*w, -w = o - 8563. What is